- 6*v + i = 2*l, 17 = l - 4*v. Let n be (-2)/12 - 1564/(-24). What is the highest common factor of n and l?
13
Suppose 5*f + 20 = x, 3*x + 2*f + 2*f = 41. Suppose 5*q - 615 = 210. What is the greatest common factor of q and x?
15
Let v(a) = -79*a + 2. Let r be v(-1). What is the highest common divisor of r and 9?
9
Suppose -t + 2*a = a - 1, 3*t + 5*a - 19 = 0. Let f(k) = t*k - 4 + 1 - 3. Let b be f(9). Calculate the highest common divisor of b and 3.
3
Let o = 26 - 16. Suppose 4 = -3*g + 4*g. Calculate the highest common divisor of g and o.
2
Suppose -5*h = -2*h + 4*b - 88, 0 = -3*b - 6. What is the highest common factor of 4 and h?
4
Let s(x) = x**3 + 6*x**2 - 9*x - 12. Let i be s(-7). Suppose i*z = 145 + 79. What is the highest common divisor of 14 and z?
14
Let d be 8/20 - (-106)/10. Let z = 75 - -2. Calculate the highest common factor of z and d.
11
Suppose -1 - 2 = 3*l, 5*l = -3*c - 20. Let n = c - -18. Calculate the greatest common factor of 91 and n.
13
Suppose 39*u = 42*u - 12. Calculate the highest common divisor of u and 2.
2
Suppose n = -p - 2*p + 21, 3*n + 3*p - 51 = 0. What is the highest common factor of n and 45?
15
Let s be 98/21*24/14. What is the highest common factor of 32 and s?
8
Suppose -10*c + 28 = -12*c. Let o be 4/(-14) - 52/14. Let d = o - c. What is the greatest common factor of d and 5?
5
Let x(z) = z**3 + 11*z**2 + 16. Let m be x(-11). Calculate the greatest common factor of 176 and m.
16
Let v be (-11 + 4)*(2 + -5). What is the greatest common factor of v and 189?
21
Suppose -s + 74 + 47 = m, -2*s = 4*m - 482. What is the highest common divisor of 24 and m?
24
Suppose -4*g - g - 35 = -3*i, g = 5. Calculate the highest common factor of i and 60.
20
Let k(p) = p**3 + p**2 - 2*p + 3. Let q be k(-3). Let m = -27 - -13. Let v = q - m. What is the highest common divisor of 5 and v?
5
Let w = -3 + 12. Calculate the greatest common divisor of 81 and w.
9
Let s(w) = 2*w + 26. Let t be s(-6). Calculate the highest common factor of t and 21.
7
Let q = -11 + 27. Suppose -4 = 5*l + q. Let p be (-984)/(-9) + l/(-6). Calculate the highest common divisor of p and 10.
10
Let v(s) = -s**3 - 5*s**2 - 14*s. Let i be v(-3). What is the greatest common divisor of 8 and i?
8
Let y = -1 + 5. Suppose -y*p = -2*p + 56. Let i = 39 + p. What is the highest common divisor of i and 55?
11
Let p(z) be the first derivative of -z**3/3 - 3*z**2 + 5*z - 2. Let j be p(-6). Let u be (-2)/6 + (-16)/(-3). Calculate the highest common factor of u and j.
5
Let o = 43 + -28. Calculate the highest common divisor of 3 and o.
3
Let t be (-1)/(2/((-12)/(-2))). Let b be -6*((-80)/t)/(-4). Let q be 204/10 + (-4)/10. Calculate the greatest common factor of q and b.
20
Suppose 4*m - 1 = 15. Suppose m*d = -d + 400. Let k = 14 + 18. Calculate the highest common divisor of k and d.
16
Suppose 2*o - 16*o + 182 = 0. Let c = -220 + 363. What is the greatest common factor of o and c?
13
Let o = 51 - 78. Let z be (o/(-4))/((-9)/(-24)). Let t be 50/4 + (-1)/2. What is the highest common factor of z and t?
6
Suppose -u = -4*u + 15. Suppose -46*r + 45*r + 5 = 0. What is the greatest common divisor of u and r?
5
Suppose -16*j + 90 = -13*j. Calculate the greatest common divisor of 12 and j.
6
Suppose 2*s + 4*j + 35 = -19, -4*j = 0. Let z be (-384)/s - 4/18. Let g = -95 + 193. Calculate the highest common divisor of z and g.
14
Let x = -7 + 15. Let g = 12 - x. What is the highest common factor of 44 and g?
4
Suppose 2*x = -4*x + 216. Calculate the greatest common factor of x and 288.
36
Suppose -4*r + 44 = -2*r + 4*y, -5*y + 41 = 2*r. Let d = r - 8. Calculate the highest common factor of d and 20.
20
Let t(m) = m**3 - m**2 - m + 45. Let n be t(0). Suppose 4*q = -3*l + 19, q = -5*l + 5*q - 11. Let a = 4 + l. What is the highest common divisor of n and a?
5
Suppose 2*f - 35 = -7. Let r be (-342)/(-21) + (-4)/f. Calculate the highest common divisor of 80 and r.
16
Suppose 3 = -0*a + a, 254 = -4*t + 2*a. Let u(b) = b - 9. Let h be u(6). Let w be (-2 - t) + 1 - h. Calculate the highest common factor of w and 8.
8
Let a(t) = t**3 - 5*t**2 + 4*t + 5. Let w be ((-3)/(-9))/(1/18). Let b be w*-1*(-10)/15. Let u be a(b). Calculate the greatest common divisor of 40 and u.
5
Suppose 19*x - 23*x + 16 = 0. Let s be ((-8)/6)/(1/(-3)). Let c = 2 + s. Calculate the highest common divisor of c and x.
2
Let o = -3 - -30. What is the highest common divisor of 3 and o?
3
Suppose 2*w - 48 = -2*w - 4*t, 0 = 5*w + 4*t - 60. What is the greatest common factor of w and 36?
12
Suppose -3*v + 25 = -41. Let o = 76 - 74. Calculate the greatest common divisor of o and v.
2
Let p be (4 - (-1 - -4))/(1/60). What is the greatest common factor of p and 15?
15
Let n be (-4)/(-6)*15/2. Let g(b) = 0*b - b + 7 + 4*b + 2*b**2 - b**2. Let r be g(-6). Calculate the highest common divisor of n and r.
5
Let n = 4 - -4. Let l(q) = -1 - 1 + q - 5*q + 2*q. Let s be l(-7). Calculate the highest common factor of n and s.
4
Suppose -5*k - 4*h + 0 = -19, 20 = 4*k + 2*h. Suppose 0 = -2*j + 29 + k. Let m = 14 + 4. What is the highest common factor of j and m?
18
Suppose 0 = c + 2 - 8. Let r(y) = y**3 - 13*y**2 + 11*y + 15. Let s be r(12). What is the greatest common factor of s and c?
3
Suppose 9*g - 18 = 6*g. Calculate the highest common factor of g and 18.
6
Let a(j) = 3*j - 9. Let b be (4/2)/(4/14). Let f be a(b). What is the greatest common factor of f and 30?
6
Let y be (-12)/(-2)*(8/(-2) + 3). Let n = 23 + -14. Let g = n + y. What is the greatest common factor of g and 1?
1
Suppose 2*z - 9*z = -322. What is the highest common factor of z and 115?
23
Let r be (-1)/1 + 2 + 2. Let q = r + 4. What is the highest common divisor of q and 1?
1
Let j be 492/21 - 3/7. Calculate the greatest common divisor of j and 23.
23
Let a(r) = -11*r. Let o = 3 - 5. Let j be a(o). Let s(y) = y**2 - y - 1. Let l be s(4). What is the highest common divisor of l and j?
11
Let g = 14 - -6. What is the greatest common factor of g and 30?
10
Let j(f) = f**3 + 7*f**2 + 5*f. Let a be j(-6). Suppose -17 = -4*h - 201. Let b be 1/4 + h/(-8). Calculate the highest common factor of b and a.
6
Let l = -174 + 222. Calculate the greatest common factor of 168 and l.
24
Let z(x) = -x**3 - 17*x**2 - 34*x + 17. Let r be z(-15). Calculate the highest common factor of r and 7.
7
Suppose 32 = -7*l + 3*l. Let a = l - -28. Suppose z + z - a = 0. What is the greatest common divisor of 90 and z?
10
Suppose 0 = i - 5 - 9. What is the highest common divisor of i and 154?
14
Suppose -5*k = -0*k. Suppose x - 2 = -k*x. Calculate the greatest common factor of x and 2.
2
Suppose -75 = -7*p + 2*p. Let b be (-26 + 1)*3/(-1). What is the greatest common factor of p and b?
15
Suppose 48 = 3*v - 3*d, -4*v + 2*d - 12 = -6*v. What is the highest common factor of 11 and v?
11
Suppose 36 = -0*x + 4*x. Let t be 24/(-60) - 994/(-10). What is the greatest common factor of x and t?
9
Let r(s) = -s**3 - 8*s**2 + 2*s + 8. Let w be r(-6). Let m = w + 139. What is the greatest common divisor of 7 and m?
7
Suppose 5*x + 60 = -0*x. Let s be ((-26)/(-6))/((-4)/x). Suppose 8*r = -4*o + 3*r + 176, 0 = -4*o - 4*r + 172. What is the greatest common factor of s and o?
13
Suppose 2*d + 164 = -2*d. Suppose -5*u - p + 7 = 130, -4*p + 83 = -3*u. Let q = u - d. What is the greatest common divisor of 4 and q?
4
Let l = -7 + 5. Let y be 2 + 56 + l - 2. Let c(n) = 12*n. Let p be c(3). What is the greatest common factor of y and p?
18
Let t(y) = -2*y + 2. Let k be t(3). Let n = k - -7. Let u = 2 + 0. Calculate the highest common divisor of n and u.
1
Let a(n) be the third derivative of 1/60*n**5 + 5/6*n**3 + 0*n + 0*n**4 + 2*n**2 + 0. Let t be a(4). What is the greatest common factor of t and 7?
7
Let u be (-6)/2 + 8 + -4. Calculate the greatest common factor of 16 and u.
1
Let k(f) = -2*f - 19. Let r be k(-11). Suppose -2*q = -0*u + 3*u - 227, -339 = -3*q - r*u. What is the highest common factor of q and 28?
28
Let b be 2/(-2)*(0 + -5). Let c = 37 + -22. Calculate the highest common factor of c and b.
5
Let c = -2 - 11. Let a = c + 20. Suppose -a = -2*u - 4*r + 35, 5*u + r - 69 = 0. What is the greatest common factor of 26 and u?
13
Let i(f) = f**2 + 2*f - 4. Suppose x = 2*x + 3*q - 11, -2*x - 18 = -2*q. L